 c. Is n a prime number?
True
Let z be (0 - -19) + 648/(-72). Suppose 5*o + z + 10 = 0, -3*m - o = -90047. Is m prime?
False
Suppose 0 = 2*k + 5*h - 16558, h - 5 = -1. Is k prime?
True
Let z be (0 + 0)*1/2. Suppose z = 17*k + 23869 - 97496. Suppose k = 3*w - 2656. Is w a composite number?
True
Suppose -4*x + 562 = 5*n, 3*x = x - 4*n + 284. Let b = x - -38. Let v = b + -27. Is v a composite number?
False
Is 238115/11 - (10 - 3024/297) a prime number?
True
Let s = -248 + 432. Suppose -2*a = -i + 2*a + 18, 0 = 4*i - 4*a - 24. Is 3*(-1 + i + s/6) a prime number?
False
Suppose 5*a + x = 5, -2*a + 6*x + 24 = 2*x. Suppose -7 = -2*z - a*d - 1, 5*d + 12 = 4*z. Let r(f) = 152*f**2 + f - 5. Is r(z) a composite number?
True
Is 480/16 + -19 - -396900 prime?
False
Suppose -5*p + k + 217785 = 0, -p + 44697 - 1140 = 3*k. Is p a prime number?
False
Let j(a) be the third derivative of 233*a**7/1008 + a**6/360 - 11*a**5/60 - 25*a**2. Let o(g) be the third derivative of j(g). Is o(1) a prime number?
False
Let m be 26658/16 + ((-152)/64)/19. Let t = m + -759. Is t prime?
True
Let g be (8 - 11)/((-6)/10). Suppose 0 = 2*v + 3*a - 31064, -7*v + g*v - a + 31060 = 0. Is v composite?
True
Let n = 269 + -265. Let s(j) = 3*j**3 - 3*j**2 + 7*j - 9. Is s(n) composite?
False
Let x = -166588 - -296521. Suppose -193*k + 202*k - x = 0. Is k a composite number?
False
Let w(k) = -4*k**2 + 14 - 28 - 2*k - 5*k + 146*k**2. Is w(-5) composite?
False
Let z(j) = -7947*j - 1405. Is z(-8) prime?
True
Let j = -348 + 350. Suppose j*y = 3*r - y - 3882, 2*r - 2591 = 5*y. Is r a prime number?
False
Suppose 55321 + 180750 = 23*b - 12*b. Is b composite?
True
Suppose 5371 = -4*v + 311. Let q = -436 - v. Is q a composite number?
False
Suppose 0 = -5*s + 5*h + 876025, -5*s + 175229 = -4*s + 3*h. Is s composite?
False
Let m = -354436 + 824247. Is m prime?
True
Let m(f) = 7*f**3 - 5*f**2 - 3*f - 59. Suppose 3*o = 209 - 185. Is m(o) composite?
False
Suppose 242855*o + 13741912 = 242863*o. Is o composite?
False
Let f(m) = 8382*m**2 - 103*m - 304. Is f(-3) a composite number?
True
Suppose -8*c = -6*c - 10, c = -z + 10. Suppose -2*f = -0*f - n - 15021, -z*n + 7538 = f. Is f a composite number?
True
Suppose 4 + 11 = 3*q. Let x be (-2 - (-971)/3)/((-62)/(-186)). Suppose 3*r - x - 924 = -4*u, q*r = 2*u + 3105. Is r composite?
True
Let l = -369 - -1404. Let b = 2084 - l. Is b composite?
False
Let o be (382/4)/(10/1300). Suppose 10*r - o = 5*r. Is r prime?
False
Let z = 1987087 - 190814. Is z a prime number?
False
Let r(g) be the first derivative of -5*g**2/2 + 28*g + 25. Let f be r(-5). Is f*((-130)/(-5))/2 prime?
False
Let t be -7 - 153/(-18) - 2085/(-2). Suppose t + 611 = 5*o. Is o a composite number?
False
Let o(c) = -c + 5 + 0*c + 0*c - 3*c. Let m be o(2). Is (m - (-35)/11) + (-17310)/(-22) composite?
False
Let g = 2186821 + -1295570. Is g a composite number?
False
Suppose r - 60215 - 101328 = -5*y, 2*y = 0. Is r prime?
True
Is (-4 - 130)*(10585/(-10) + 3) a composite number?
True
Let g(m) = 27*m**2 + 21*m + 5. Suppose 0 = -12*i + 191 - 23. Is g(i) a composite number?
False
Let n(x) = 2376*x**2 + 68*x - 465. Is n(8) a prime number?
False
Suppose -34*w = 3*r - 30*w - 961, -5*r + 2*w + 1593 = 0. Is r a composite number?
True
Let o = 65 - 30. Suppose i = -3*i, 0 = 5*z - 3*i - o. Is 15/35 + 2510/z prime?
True
Let h be (-1804 - 6)*(-3 - -5). Let i = h + 5730. Suppose i = 10*q - 0*q. Is q prime?
True
Suppose -13828*g - 1011105 = -13873*g. Is g composite?
False
Let o(m) = 4*m**3 + 3*m**2 - m + 3. Let i be o(-3). Let t = -48 - i. Suppose 26*c = t*c - 487. Is c prime?
True
Suppose -3*c + 274 = -83. Suppose 0 = -c*w + 116*w + 1353. Is w a composite number?
True
Suppose -16*h = 13*h - 26*h - 2689761. Is h a composite number?
False
Suppose 6645535 = 39*a - 1723904. Is a prime?
False
Is (-31537272)/(-192) + (-30)/(-80) composite?
True
Let n be -1 - (4 + -3)*-5. Suppose n*i = 4*u + 380, 2*u - 4*u + 194 = 2*i. Suppose 4*y - 4*t = i + 404, -2*y - t = -256. Is y prime?
True
Let u be 4 - (0 - -4) - 2*-1. Suppose 285 + 2233 = u*s. Is s a composite number?
False
Suppose 0 = w - 2*w + 3554. Suppose 0*j + 5*m = -2*j + w, -5331 = -3*j - m. Let h = j + 322. Is h a prime number?
True
Let y = 99947 + -141629. Is (y/(-54)*-3)/(4/(-12)) a composite number?
False
Let m = 21216 - -7837. Is m composite?
True
Let q(v) = v**3 - 5*v**2 + 4*v - 2. Let x be q(3). Let n(l) = -55*l - 20. Let o be n(x). Let z = -263 + o. Is z a composite number?
False
Let c(t) = -t**3 + 25*t**2 - 2*t + 20. Let s be c(24). Suppose -b = 3*b - s. Let q = 80 + b. Is q a composite number?
True
Suppose -3*a - 4*x + 464 = 0, 4*a - 597 - 24 = -3*x. Let o = 111 - a. Is 3248/6 - 3/o*-5 composite?
False
Let k = -129994 - -184793. Is k composite?
False
Is (2435585/920)/(((-1)/(-8))/1) a composite number?
False
Let x be (0 - -2)/(6 + -5). Suppose -o + 5*q + 129 = 0, 8 + 0 = x*q. Is o a composite number?
False
Let q(h) = 9018*h**2 - 5*h - 4. Let s be q(2). Suppose 3*v - 2*l - 3*l = 21648, -l - s = -5*v. Is v composite?
False
Let s(g) = 84*g**2 - 3*g + 52. Let m be (3 - 40/4) + 12. Is s(m) a composite number?
False
Suppose 24*s - 30*s = -36. Is 12592/6 + 2/s a composite number?
False
Suppose 18330 = -5*i + 10*i. Let d = i + 4850. Suppose -74*z = -70*z - d. Is z a prime number?
True
Let x(a) = -37*a + 2205. Let h(r) = r + 2. Let o(t) = 4*h(t) + x(t). Is o(0) prime?
True
Let v = 5308 + -1003. Suppose 0 = -54*m + 49*m + v. Suppose 0 = -94*g + 91*g + m. Is g composite?
True
Let c(l) = -4*l + 2203. Let t be (-2)/(-3)*3 + 0 - 2. Is c(t) composite?
False
Let k(p) = 167*p**2 + 48*p + 77. Is k(-16) a prime number?
True
Let u = -619 - -93. Is u/18*-21*3 prime?
False
Let w = 326 - 332. Let s(t) = 294*t**2 - 16*t - 43. Is s(w) a composite number?
True
Let a be 1235/35 - (-4)/(-14). Let k = a + -32. Suppose -k*m = m - 356. Is m a composite number?
False
Let z = 5 - 0. Suppose -5*x + 2685 = -o - 4*o, -z*x + 2678 = 2*o. Let t = -163 + x. Is t a prime number?
True
Suppose -w + 5*n = -23862 - 18790, -4*w = 3*n - 170723. Is w a prime number?
True
Suppose 14*k + 92918 - 466207 = 7*k. Is k prime?
True
Let i = 93545 + 27572. Is i composite?
True
Let w = -122 + 136. Suppose 0 = w*k - 2333 - 4233. Is k composite?
True
Let y(g) = 109*g**2 - 2*g + 8. Let j be (4 - 65/15)*0. Suppose -6*n + n + 15 = j. Is y(n) a composite number?
False
Let t be (-2)/(-4)*80/4 + -2. Let c(f) = 3*f - 27. Let s be c(t). Is s/9 + (-55)/(-3) - -1 prime?
True
Suppose -16 = -4*q + 4*s, -3*q - 2*q - 2*s + 6 = 0. Let j(l) = 119*l**2 - 5*l + 8 + 121*l**2 - 227*l**q. Is j(6) prime?
False
Let v = -4538 - -9201. Is v composite?
False
Let f be (-81)/(-18) + 1/(-2). Suppose 2*o - 5*o = 2*l - 145, 2*l = -f*o + 148. Suppose k = -11 + l. Is k a composite number?
True
Suppose -8 = 4*s, -12*p + 10 = -9*p + s. Suppose 3*x - 5*u = -0*x + 101766, -p*u = -2*x + 67846. Is x composite?
True
Let q(t) = t**3 - 21*t**2 - 8*t - 32. Let u be q(23). Suppose 0 = -3*j - g + 922, 3*j - 95 = 2*g + u. Let n = j - 62. Is n a composite number?
True
Let t = 146 + -146. Suppose -n = -6*r + 9*r - 1617, t = n - 3. Is r a prime number?
False
Suppose -5*c + 3*n + 11 + 11 = 0, -4*c = 4*n + 8. Suppose -c*m - 3*q = -8*q + 8, -3*q = m - 18. Suppose -p = -m*p + 5*t + 2640, -5 = t. Is p a prime number?
True
Let a = 293106 - 57553. Is a prime?
True
Let b be 2*(-1 + 0) + 8. Suppose -8*k = -3*i - 10*k + 27, -5*k = 0. Suppose 2679 = -b*g + i*g. Is g prime?
False
Suppose 79*r - 81604 - 1084831 = 0. Is r prime?
False
Suppose -4*q + 11*q = -14. Is ((-95)/(-57))/(q/(-3246)) a prime number?
False
Let n(s) = s**2 - 9*s + 12. Let d be n(8). Let t = -12 - d. Let q = 207 + t. Is q a composite number?
False
Let u be (-3 + 8)*3*32/(-20). Is ((-738)/u)/((-9)/(-564)) composite?
True
Let v(t) = -5211*t + 5221. Is v(-70) a composite number?
False
Suppose 2000491 = 1408*d - 1389*d. Is d a prime number?
False
Let o = 727353 - 486930. Is o a composite number?
True
Let v(o) = -62*o**2 + 3*o + 30. Let y(c) = -63*c**2 + 3*c + 31. Let d(l) = -6*v(l) + 5*y(l). Is d(12) a prime number?
True
Let f = 343998 - 121345. Is f a prime number?
False
Suppose 9*g - 41345 + 4931 = 0. Suppose 5*q + 5*z = 14835, z - 4845 - g = -3*q. Is q a prime number?
False
Let f = -216 - -507. Let b = 128 + f. Is b